*(-14)/3. What is the greatest common divisor of 27 and p?
27
Suppose -75*m + 56772 = -56*m. What is the greatest common factor of m and 9?
9
Suppose 11*c = 12*c - 563. Let i = c + -363. What is the greatest common factor of 25 and i?
25
Suppose 10*b = 12*b - 1062. What is the highest common divisor of b and 59?
59
Let d(u) = -3*u + 6. Let m be d(3). Let b be (-46)/m + (-17)/51. What is the greatest common factor of b and 90?
15
Suppose 5*s + 4*x - 335 = 0, 4 + 1 = x. Let z be s/(((-3)/(-16))/1). Suppose 0 = 3*n - 6*n + z. What is the greatest common divisor of n and 16?
16
Let w = -30 + 54. Let h be 8/6*(2 - (-96)/6). Calculate the highest common factor of w and h.
24
Let q = 43 - 43. Suppose q = 2*v - 10, v = i + 5*v - 26. What is the highest common factor of 16 and i?
2
Suppose i + 14 = 5*j, i + 0*j - 2 = j. Suppose -i*m + 154 = -254. What is the greatest common divisor of 34 and m?
34
Suppose -75*y + 10 = -70*y. What is the highest common divisor of y and 32?
2
Suppose 3*p + 150 = 8*p. Suppose 5*q = 4*n + 40, 3*q - 3*n + 9 = p. Let m(x) = -x**2 - 4*x + 12. Let d be m(0). What is the greatest common factor of d and q?
12
Suppose -4*l + 2 = -82. Let o = 2 - -12. What is the highest common factor of l and o?
7
Let t(x) = -x**3 + 16*x**2 - 26*x - 13. Let d be t(13). Let y = d + -63. What is the highest common divisor of 62 and y?
31
Suppose -3*v = -2*d - 0*d - 98, -3*v - 3*d + 108 = 0. Let s be (1 - 5)*748/66*-3. Calculate the greatest common divisor of s and v.
34
Let b be 256/12*(-12)/(-8). Let a be b - (2 - (9 + -3)). Calculate the greatest common factor of 24 and a.
12
Let l(z) = z**3 + z**2 + 5*z - 9. Let s be l(6). Let q = -185 + s. Let j be 5 - (-7 + 3/3). What is the greatest common factor of j and q?
11
Let y(o) = -17*o + 5 + 8 + 3 + o**2 + 0*o**2. Let d be y(17). What is the greatest common divisor of 24 and d?
8
Let f = -104 + 123. Calculate the greatest common divisor of 703 and f.
19
Suppose 100*b - 106*b + 24 = 0. Calculate the greatest common divisor of b and 92.
4
Suppose -l - l - 2 = 4*m, -l = -3*m + 11. Suppose g + m*g = 18. Suppose -48 = -0*w - 4*w. What is the highest common factor of w and g?
6
Let l be (-2)/(0 - 14) + (-236)/(-14). What is the highest common divisor of l and 1088?
17
Suppose -p + 3*v + 89 = 0, -4*p + 57 + 269 = -2*v. Suppose 2*q - 52 = 4*j, 0 = -4*q + 3*j + 12 + 77. Calculate the highest common factor of p and q.
20
Let h = -85 - -95. What is the greatest common divisor of 15 and h?
5
Suppose -3*l - r + 1262 = 0, 1 + 9 = 2*r. Suppose 0 = -16*f + l - 131. What is the greatest common factor of 72 and f?
18
Suppose 17*n - 3 = 31. What is the highest common factor of n and 46?
2
Let q be (-213)/(-18) + (-3)/(-18). Calculate the highest common factor of 834 and q.
6
Suppose 24*q + 168 = 38*q. What is the highest common factor of q and 192?
12
Let r(w) = w**2 + 11*w + 46. Let z be r(-7). What is the greatest common factor of z and 2?
2
Suppose 2*p + 9*n - 13 = 4*n, -12 = -4*p + 4*n. Suppose -5*o - 3*t - 10 = 0, 3*t + 16 = 2*o - o. What is the highest common factor of p and o?
1
Suppose 5*w + 25 + 22 = 3*l, 5*w - 145 = -5*l. Let q(x) = 7*x - 67. Let y be q(9). Let o be (16/l)/(y/(-150)). What is the greatest common factor of 100 and o?
25
Let m(v) = 30*v - 210. Let u be m(15). Calculate the greatest common divisor of u and 144.
48
Suppose 4*p = -3*x + 127, -4*p + p - 5*x = -98. Suppose 3*a + 6 - 48 = 3*y, -p = -2*a - y. What is the highest common factor of a and 6?
3
Let c(s) = 6*s + 72. Let y be c(-7). What is the highest common factor of 40 and y?
10
Let a be ((-10)/3)/(3/(-36)). Let n be 18 - 11/((-143)/(-104)). Calculate the highest common factor of n and a.
10
Let d be -6*1*8/3. Let q = 17 - d. Let o = q - 19. What is the highest common factor of 154 and o?
14
Let s be 5 + 0 - -1 - -2. Suppose 3*b + s = 4*b. Suppose 15 - 47 = -4*d - 4*l, -2*d - 3*l + 16 = 0. What is the greatest common divisor of d and b?
8
Suppose 2*j + m - 289 = -230, 4*j - 5*m - 139 = 0. Calculate the highest common factor of j and 713.
31
Let f(y) = y + 2. Let t be f(0). Let v be (-270)/(-25) - -2*t/20. Calculate the highest common divisor of v and 55.
11
Let x = 928 - 914. Calculate the greatest common factor of 259 and x.
7
Let d be (-6 - -1)*(-4)/10. Let q = 27 - d. Calculate the highest common divisor of q and 10.
5
Let m be ((-1)/((-12)/(-213)))/((-10)/40). What is the greatest common factor of 4544 and m?
71
Let u be (2/5)/(1/375). Calculate the greatest common factor of u and 200.
50
Let t(w) = -5*w + 0 + 3 + 14*w**2 + 0. Let r be t(4). Suppose -3*d - 286 = k - 294, 49 = 3*k + 4*d. What is the greatest common factor of k and r?
23
Let t = -631 - -655. Suppose 0 = -7*z + 4*z + 72. Calculate the greatest common factor of t and z.
24
Let i(b) = 3*b + 5. Let n be i(5). What is the greatest common factor of n and 640?
20
Let h(g) = 47*g**2 + g - 1. Let y be h(-2). Suppose -3*b - 5*j = -y, -6*j + 5*j + 61 = b. What is the greatest common divisor of b and 30?
30
Suppose -w + 3*v - 30 = -87, w - 60 = 2*v. Calculate the greatest common divisor of 660 and w.
66
Let h be ((-14)/28)/(1/(-68)). Let k be (-17)/h*60/(-2). Calculate the greatest common divisor of 165 and k.
15
Let n be ((-4)/6)/(1/(-33)). Let s = 21488 - 21389. Calculate the greatest common divisor of s and n.
11
Suppose -4*x = -21 - 11. Let p = 145 - -12. Let d be p/5 + (-3)/(-5). Calculate the greatest common factor of x and d.
8
Suppose -600 = -3*x - 3*v, 0 = 5*x - 6*v + v - 1010. Calculate the highest common divisor of x and 3.
3
Let o be -1*(-3)/((-12)/(-52)). Calculate the greatest common factor of 52 and o.
13
Let r be (-999)/(-1)*(-12)/(-120)*10. What is the greatest common factor of 27 and r?
27
Suppose 0 = 87*f - 81*f - 168. Suppose 5 = 5*h, -4*g = -3*h + h - 70. Let m = g - 4. Calculate the highest common divisor of m and f.
14
Let z be (12/(-2))/(2/(-344)*4). What is the highest common factor of 12 and z?
6
Let c = 527 - 287. Suppose -3*v + c = v. Suppose 3*a + 4*g = 36, -9*a + 8*a = -2*g - 12. What is the highest common divisor of a and v?
12
Let u be (-6 - -3) + 17 + -1. Let z(o) = 2*o**2 - o - 26. Let j be z(-6). What is the greatest common divisor of u and j?
13
Suppose -63*m + 1392 = -1254. What is the highest common factor of m and 66?
6
Let x = 124 + -12. Suppose -m + 18 + 10 = h, 4*m - 3*h = x. Calculate the highest common divisor of 140 and m.
28
Let u = -2 + 2. Let p(q) = 3*q + 7. Let t be p(-1). Suppose u = 4*s - 16, -t*d + s + 44 = -4. What is the highest common divisor of 39 and d?
13
Let g = -9 + 14. Suppose -t - 2*h + 35 = 0, 5*h = -g*t + 3*h + 167. Suppose 47 = s - t. What is the greatest common divisor of s and 20?
20
Suppose 10*z = 8*z + 38. Suppose -3*i - 12 = 0, 0 = 4*q + 2*i - 117 - z. Calculate the greatest common divisor of 144 and q.
36
Let q be 8 - -45 - (-3 - 2). Calculate the greatest common divisor of q and 145.
29
Let a(f) = f**3 - 7*f**2 - 9*f + 2. Let d be a(8). Let q be 8/2 - (d + (-3 - -6)). Calculate the highest common divisor of q and 1.
1
Let j = 2 + -23. Let w be 4/(-14) + (-699)/j. Suppose -4*l - 4*m + 26 = -2*l, -5*l = -3*m. What is the greatest common factor of l and w?
3
Suppose 13 - 5 = 2*d. Let a(i) = -17*i**2 + i. Let r be a(1). Let z = r - -40. What is the greatest common factor of d and z?
4
Let u = 50 - 29. Let z = u - 19. Suppose -z*w = w - 66. What is the highest common divisor of w and 22?
22
Let l(d) = -34*d + 66. Let q be l(-6). What is the greatest common divisor of q and 108?
54
Let o(q) be the second derivative of -q + 5/6*q**3 + 1/2*q**2 + 0. Let n be o(1). Calculate the greatest common divisor of 48 and n.
6
Suppose l - 3*l - 8 = 0, 5*j = l + 479. Suppose j + 55 = b. Let d be 2/7 - 173/(-7). Calculate the greatest common divisor of b and d.
25
Suppose 9*n = 23*n - 504. What is the highest common factor of n and 60?
12
Let v be 12222/336 - (-3)/(-8). Calculate the highest common divisor of v and 18.
18
Suppose -4*q + 21 = w - 31, 185 = 5*w - 5*q. Calculate the greatest common divisor of w and 320.
40
Let n(o) = o + 225. Let q be n(-33). What is the greatest common divisor of 42 and q?
6
Let c be (1/3)/(3/(-18)) + 17. Let p be 14/8*(-2 + 94). Let x = p - 86. What is the greatest common factor of c and x?
15
